t p(v) = -9224 - v**3 + 4515 - 54*v**2 - 59*v + 4399. Calculate p(-53).
8
Let c(k) = k**2 - 9*k - 11. Let t be c(10). Suppose -12*i + 4*i - 40 = 0. Let n(s) = 18*s + 8. Let w(j) = -8*j - 5. Let r(z) = i*w(z) - 3*n(z). What is r(t)?
15
Let b(o) = 25*o - 201. Suppose -2*j - 4*t = -28, 4*j - 4*t = 97 - 77. Give b(j).
-1
Let t = -5089 - -5077. Let j(y) = y**3 + 14*y**2 + 20*y - 45. What is j(t)?
3
Let a(b) = -b**2 - 2*b - 9. Let s(h) = 2*h**2 + 195*h + 198. Let o be s(-1). What is a(o)?
-44
Let o be -4 - (-1 + 6 + -3). Let s(q) = -5 + 5*q**2 - 29*q - 9*q**3 + 10*q**3 - 2 + 21*q. Give s(o).
5
Let b(f) = -56*f + 203 - 153 + 193 + 153. Give b(7).
4
Let k(p) = 8*p**2 + 5*p**3 - 2*p**3 - 2*p**3 - 216 + 436 - 224. Let y(g) = 9*g**2 - 1. Let h be y(1). Suppose 0 = 9*j + 64 + h. Determine k(j).
-4
Let m(x) = 4*x**2 - 9*x - 11. Let t(o) = 5*o**2 - 12*o - 13. Let w(i) = 6*m(i) - 5*t(i). Give w(7).
-8
Suppose 0*t = 8*t - 40. Suppose -t*c - 63 = -14*c. Let i(j) = -6 + j**3 - 7*j + 0*j**3 + 0 + 0*j**2 - 6*j**2. What is i(c)?
-6
Let f(o) be the first derivative of -o**4/6 + o**2 - 157*o - 171. Let c(d) be the first derivative of f(d). What is c(2)?
-6
Suppose 7*t + 31*p = 36*p + 19, 0 = 4*t + p - 7. Let d(w) = 15*w - 16. Determine d(t).
14
Let g(k) be the second derivative of -k**5/20 - 3*k**4/2 - 6*k**2 - 1342*k. Determine g(-18).
-12
Let g(o) = -2*o**2 - 49 - 45 + 91 + o. Let t(w) = 2*w**2 - w + 4. Let m(v) = 6*g(v) + 5*t(v). Give m(4).
-26
Let t be 7/(-2)*(-11 - 1602/(-126)). Let d(v) = -v**2 - 12*v - 33. What is d(t)?
3
Let r(d) = 5*d + 5. Suppose -x = 2*w - 5, 2*w - 4 = w - 2*x. Let a(v) = -27*v - 25. Let c(g) = w*a(g) + 11*r(g). Give c(6).
11
Let v(b) = -b**2 + 7*b + 7. Let z(c) = c**3 + c + 6. Let k be z(0). Let f be (0 - 1) + (-12)/k + 9. Give v(f).
13
Suppose 5*x - 5*c - 3870 = 0, -4*x - 1796 = 2*c - 4886. Let l(f) = 389*f**2 + 14*f + 19 - x*f**2 + 385*f**2. Give l(-13).
6
Let i(h) be the second derivative of h**5/20 - 3*h**2 + h. Suppose -2*o = -4*m - 4, 167*m - 165*m + 2 = -9*o. Give i(o).
-6
Let x(a) = 33*a - 19. Let j(o) = 42 + 5*o - 28 - 17. Let w(t) = 39*j(t) - 6*x(t). Suppose 3*m + 0*m + 4*z + 25 = 0, 5*m = -2*z - 23. Calculate w(m).
6
Let m(n) = -7*n + 2. Suppose 417 + 2159 = 7*o. Let r = 366 - o. Calculate m(r).
16
Let x(s) = 43*s - 171. Let y = 27472 - 27468. Give x(y).
1
Suppose -3*f - 164 = -4*v + f, -3*f = -12. Suppose v*t = 43*t + 16. Let j(k) = 5 + 10*k**2 + 9*k - 14 - k**3 - 3*k**2 + 3. Determine j(t).
2
Let t(q) = -11*q**2 - 44 - 5421*q - q**3 + 57 + 5410*q. Calculate t(-9).
-50
Let k(s) be the first derivative of s**4/4 - 19*s**3/3 + 5*s**2/2 - 38*s + 3928. Calculate k(19).
57
Let x(k) = 12*k + 364. Let s be x(-15). Suppose -187*m - 24 = -s*m. Let y(o) = o**2 + 10*o + 9. What is y(m)?
-7
Let a(s) = -8 + 82 - 72 + 2*s**2 - 2*s**3 + 3*s**3. Let j be 3/(0 + -1 - 0). What is a(j)?
-7
Let g(z) be the third derivative of -z**4/6 - 43*z**3/6 - 8*z**2 + 8. Determine g(-9).
-7
Let c(d) be the first derivative of 5*d**2/2 + 44*d - 909. What is c(-4)?
24
Suppose -10*x - 18 = -13*x. Let w(z) = -z**3 + 7*z**2 - 5*z + 2. Let u be w(x). Let v(m) = 7 - 2 + 2*m - m**3 - 7*m - u*m**2. What is v(-7)?
-9
Let t(s) be the first derivative of s**4/4 + 17*s**3/3 - 23*s**2/2 - 42*s + 1434. Give t(-18).
48
Let c(s) = -s + 7. Let h(q) = 8*q - 4*q**2 - 4*q + 22 - 21*q - 7. Let n be h(-5). Give c(n).
7
Let u(k) = 2*k**3 + 52*k**2 + 6*k + 158. Let r be u(-26). Let o(v) = 18*v - 37. Determine o(r).
-1
Suppose -5*s + 123*o + 45 = 126*o, -80 = -5*s + 4*o. Let t(q) = q**3 - 11*q**2 - 13*q - 15. Give t(s).
-27
Let u = -4 + 4. Let k be u - (0 + -26) - 4. Let o = -24 + k. Let d(i) = i**2 + 4*i + 2. What is d(o)?
-2
Let w(o) = -3*o**2 + 6*o - 8. Let i(a) = -a**2 - 1. Let q(h) = -2*i(h) + w(h). Let p be (35/10)/((-21)/(-36)). Suppose -p = 85*v - 86*v. Determine q(v).
-6
Let c(b) = b**3 + 7*b**2 + 16*b - 3. Suppose -67*d - 63 = 168 + 37. Determine c(d).
-19
Let y(x) = -x**3 - 3*x**2 + 21*x + 9. Let f be -172 - -148 - (0 - 18). What is y(f)?
-9
Let n(q) = -q - 1. Let a = 94 + -74. Let x = a - 16. Let r be (5/x)/((-23)/92). Calculate n(r).
4
Let v(y) = 2*y**2 - 4*y - 13. Let x(g) = -6*g**2 + 33*g + 12. Let f be x(6). What is v(f)?
83
Let n(o) = 2*o - 35. Let h(a) = a - 17. Let y(m) = 13*h(m) - 6*n(m). Let r = 3 + 2. Let q = r + 1. Calculate y(q).
-5
Let l = -7 + 11. Let p(c) = -3*c**2 + c - 2. Let d(w) = -43*w**2 + 8*w - 26. Let m(b) = -d(b) + 15*p(b). What is m(l)?
-8
Let y(k) be the second derivative of k**6/120 + k**5/60 + k**4/24 - 7*k**3/6 - 7*k**2 + 11*k - 1. Let b(z) be the first derivative of y(z). Give b(0).
-7
Let m(l) = l**3 + 6*l**2 + 2*l + 15. Let z = 1242 + -1248. Calculate m(z).
3
Let g(z) = 341*z**3 + 10*z**2 + 343*z**3 - 685*z**3 - 19. Give g(8).
109
Let r(g) be the third derivative of -g**6/120 - g**5/5 + 5*g**4/12 - 13*g**3/3 - 708*g**2. Give r(-13).
13
Let z = 5662 - 5657. Let j(d) be the second derivative of d + 1/20*d**z + 5/12*d**4 + 0 - 7/6*d**3 - 4*d**2. What is j(-6)?
-2
Let w be -1 + -2 + 13 - (-3)/42*-14. Let c(f) = 5*f**2 - 39*f + 5. What is c(w)?
59
Let a(o) be the third derivative of -o**5/60 + o**4/12 + 2*o**3/3 - 11*o**2. Let s(y) = y**2 - y + 1. Let p be s(0). Suppose -j + p = -3. Determine a(j).
-4
Let j(m) = 4*m - 2. Let h be (-5)/(10/(-3)) + 2/4. Suppose -3*w + h = -4*w. Calculate j(w).
-10
Suppose 116 = -10*i + 136. Let d(l) = l**2 + 6125 - 6124 + 0*l**i. Let s(p) = p**2 - 2*p - 4. Let x be s(3). Determine d(x).
2
Let u(d) = -d + 7. Let g(f) = 32*f - 23. Let l be (-6)/(-39) + (-28)/13. Let s be g(l). Let q = -87 - s. Give u(q).
7
Suppose -39 = -4*k - 5*z, -2*k + 0*k = -5*z - 27. Let d(y) = 2*y**2 - 4*y - 5*y**3 + k*y**2 - 9*y**2 + 2 + 4*y**3. Determine d(2).
2
Let c(j) be the third derivative of -j**4/12 - 11*j**3/3 - 4844*j**2. What is c(-19)?
16
Let l(j) be the third derivative of j**5/60 + 9*j**4/8 + 139*j**3/6 - 2032*j**2. Calculate l(-6).
13
Let u(t) = -9*t - 17*t - 21*t + 40*t. Let p be ((-3 - 1) + -2)*6/9. What is u(p)?
28
Let d(o) = o**2 + 14*o + 64. Let n be (-4)/(-34) + 726/306*-3. Let m be d(n). Let w(b) = -b**3 + 15*b**2 - b + 11. Determine w(m).
-4
Let s = -26560 - -26562. Let u(j) be the first derivative of -2 - 2*j + 0*j**2 + j + j**2. Determine u(s).
3
Suppose 0 = -2*k + 8. Suppose 14 - 86 = k*l. Let s be ((-12)/l)/(4/(-6)). Let r(b) = -6*b + 1. What is r(s)?
7
Let a(u) = 44*u - 350. Suppose 408 = 2978*g - 2927*g. Determine a(g).
2
Let l(r) = 39 - 1145091*r**3 + 8*r + r**2 + 9*r**2 + 1145090*r**3. Calculate l(11).
6
Let z(m) = -m**3 + 11*m**2 + 5*m + 4. Let o(g) = -2*g**2 - g. Let l(j) = -3*o(j) - z(j). Let p = -6 + 11. Determine l(p).
-14
Let x(u) be the third derivative of 1/60*u**5 + 0 - 4*u - 8*u**2 + 5/6*u**3 + 1/8*u**4. Calculate x(-6).
23
Let t(i) be the first derivative of i**2 + 9*i + 1. Let w(j) = -j**2 + 20*j + 36. Suppose 29 - 11 = -9*f. Let p be w(f). Determine t(p).
-7
Let t be (-15)/(-20) + 3/12. Let c(o) = 2 + 1057*o + t - o**3 - 1053*o. Calculate c(-2).
3
Let r(b) = b + 3. Let w(z) = 5*z + 83. Let o be w(23). Suppose -8*s - 10*s - o = 0. What is r(s)?
-8
Let w be (340/7)/4 - (-349)/(-2443). Let n(u) = -u**3 + 12*u**2 - 11*u + 134. Give n(w).
2
Let n(m) = 3*m + 4 - 4*m - 6 + 7. Let k be (-10)/(1*20/(-8)). Determine n(k).
1
Suppose 48 = -8*r + 80. Suppose -52*s + 49*s + 6 = 0. Let i(j) = 7*j + 6*j + 6*j**s - 5 - 17*j - j**3. Determine i(r).
11
Let n(u) = u**3 - 13*u**2 - 57*u - 24. Let v be n(13). Let w = 759 + v. Let m(l) = l + 8. What is m(w)?
2
Let z(i) = -i**2 - 4*i + 11. Let s be 2*-17*(-10)/85. Calculate z(s).
-21
Let x be (-2)/4 - 2318/(-244). Let n(j) be the second derivative of -j**5/20 + 5*j**4/6 - 11*j**3/6 + 6*j**2 + 24*j + 1. Determine n(x).
-6
Let s(x) = -x**2 + 20*x - 78. Let d = -357 - -371. Calculate s(d).
6
Let j(p) = -3*p**2 - 9*p. Let a(o) = 199*o - 1198. Let m be a(6). Determine j(m).
-12
Suppose -2*f = -0*j + 3*j + 4, -j = 5*f + 23. Let k(h) = 4 - 10348*h**3 - 3*h**2 - 3*h**2 + j*h + 10349*h**3. What is k(5)?
-11
Suppose 2*w - 49 = -33. Let v(o) = -o - o - 15*o**2 + 9 - w + 14*o**2. Calculate v(-5).
-14
Let a(d) = -4*d - 2*d - 7 + 7*d. Let o(r) = 2*r**2 + 29*r - 19. Let g be o(-16). Suppose -g*q + 24*q = -25. Determine a(q).
-2
Let g = 84 + -84. Suppose 12 = -6*j - g. Let x(h) be t